ctor of 27109903 and 589.
589
What is the highest common factor of 2364 and 338424?
12
What is the greatest common factor of 4771992 and 24?
24
What is the greatest common factor of 109 and 177652?
1
What is the highest common factor of 37 and 322702?
1
Calculate the highest common factor of 6318 and 166998.
78
What is the greatest common factor of 9384 and 19070872?
136
Calculate the greatest common factor of 11081724 and 4573.
269
What is the greatest common divisor of 208 and 1521608?
8
What is the highest common divisor of 24 and 189102?
6
Calculate the greatest common factor of 4109 and 683026156.
587
What is the greatest common divisor of 528 and 60583116?
132
Calculate the greatest common factor of 2457 and 160929405.
819
Calculate the highest common factor of 708 and 163437552.
708
Calculate the greatest common divisor of 548205 and 900963.
4767
What is the greatest common factor of 581400 and 190700?
100
Calculate the highest common factor of 2665 and 316520.
205
What is the highest common factor of 11896 and 18407?
1
Calculate the highest common divisor of 1931820 and 2085.
15
Calculate the greatest common factor of 38944433 and 904.
113
Calculate the greatest common divisor of 393 and 9576231.
393
What is the highest common factor of 25123557 and 354?
177
Calculate the highest common divisor of 103750 and 5253485.
415
Calculate the greatest common divisor of 81411434 and 26.
26
Calculate the highest common divisor of 230 and 1715495.
5
What is the greatest common divisor of 35266777 and 7833?
2611
Calculate the highest common factor of 18735 and 38776454.
1249
Calculate the greatest common factor of 454 and 156721254.
454
Calculate the highest common divisor of 50370 and 25495980.
2190
What is the highest common factor of 105543 and 18387?
81
What is the highest common divisor of 13 and 450808969?
13
What is the highest common divisor of 21 and 529693983?
21
What is the greatest common divisor of 8196030 and 340?
10
Calculate the highest common divisor of 465 and 370238735.
155
Calculate the greatest common factor of 5819850 and 149850.
4050
Calculate the highest common factor of 6112247 and 834.
139
Calculate the highest common divisor of 735323 and 28384.
887
What is the highest common divisor of 3008 and 2366272?
64
Calculate the highest common factor of 326192 and 1129360.
304
What is the highest common factor of 68170 and 20910?
170
What is the highest common divisor of 9270 and 605830?
10
What is the highest common divisor of 78 and 963700647?
39
Calculate the highest common factor of 23368 and 37999416.
1016
Calculate the highest common factor of 907114 and 10291.
251
Calculate the highest common factor of 31728 and 119274.
6
Calculate the highest common factor of 4278 and 1516896.
138
Calculate the greatest common divisor of 451 and 1024133.
11
What is the greatest common divisor of 1320 and 21462936?
264
What is the highest common factor of 38184 and 45120072?
1032
What is the greatest common factor of 1771 and 29967091?
1771
What is the greatest common divisor of 4342336 and 6592?
64
What is the greatest common divisor of 10414 and 642262622?
10414
Calculate the greatest common factor of 4564 and 2651292.
28
Calculate the highest common divisor of 110 and 1301999545.
55
What is the greatest common divisor of 4 and 8101868?
4
Calculate the greatest common factor of 442273 and 988.
13
What is the greatest common divisor of 4167730 and 2520?
70
Calculate the highest common divisor of 122946 and 6268924.
1322
What is the highest common divisor of 8542848 and 384?
384
What is the highest common factor of 528 and 2443200?
48
Calculate the highest common factor of 126 and 10954368.
18
Calculate the highest common divisor of 63550886 and 14812.
7406
What is the highest common divisor of 550559 and 2267899?
5051
Calculate the highest common divisor of 21778598 and 16150.
646
What is the greatest common factor of 38160006 and 774?
258
What is the highest common factor of 22417 and 123668405?
773
What is the highest common factor of 14180 and 1305100?
20
What is the highest common factor of 6 and 1073507?
1
Calculate the greatest common factor of 699500550 and 126.
42
Calculate the greatest common divisor of 140344 and 5618.
106
Calculate the greatest common divisor of 4957502 and 176.
22
Calculate the greatest common factor of 6564129 and 1014.
507
Calculate the greatest common factor of 272 and 9263872.
16
Calculate the greatest common divisor of 18363 and 28713611.
6121
What is the greatest common factor of 353493 and 15057?
63
What is the greatest common factor of 6732866 and 28?
14
Calculate the highest common divisor of 2975 and 167945125.
425
What is the highest common divisor of 4053258 and 495?
99
What is the greatest common divisor of 660 and 3828?
132
What is the highest common factor of 235 and 7266095?
5
Calculate the greatest common factor of 72250 and 118351280.
2890
What is the greatest common divisor of 58148160 and 30240?
3360
Calculate the highest common factor of 98 and 404646851.
49
Calculate the greatest common divisor of 343006083 and 567.
567
Calculate the highest common divisor of 2344 and 135906292.
1172
Calculate the greatest common divisor of 5664 and 7008256.
1888
What is the greatest common divisor of 4160 and 5132656?
16
Calculate the highest common factor of 294 and 2361062746.
98
What is the highest common divisor of 132561 and 139491?
99
What is the highest common factor of 129 and 19518603?
129
What is the greatest common factor of 66539604 and 1068?
1068
Calculate the highest common divisor of 232585743 and 507.
507
What is the highest common factor of 1856 and 320218?
58
Calculate the greatest common divisor of 24750 and 22954250.
2750
Calculate the greatest common factor of 119 and 4502995.
7
What is the highest common divisor of 1069146969 and 6159?
6159
Calculate the greatest common divisor of 220 and 1695740.
20
What is the highest common factor of 133659 and 9792?
9
What is the greatest common factor of 397716 and 428582?
506
Calculate the highest common factor of 68264983 and 223.
223
What is the greatest common divisor of 2133 and 169290?
27
Calculate the highest common divisor of 18919596 and 348.
12
What is the greatest common factor of 2319412 and 522016?
5932
Calculate the highest common divisor of 392252 and 6188.
28
What is the highest common factor of 54746223 and 147?
21
Calculate the greatest common factor of 262 and 19629826.
262
Calculate the greatest common divisor of 274 and 16679613.
137
Calculate the greatest common divisor of 1860 and 2885052.
12
Calculate the greatest common divisor of 42 and 18998301.
21
Calculate the greatest common divisor of 1853 and 3940241.
109
Calculate the highest common factor of 121344 and 1958568.
1896
Calculate the greatest common factor of 27030 and 171894900.
1590
What is the highest common factor of 6463 and 29382?
1
Calculate the highest common divisor of 70676016 and 1392.
1392
What is the highest common divisor of 1056 and 177772452?
132
Calculate the greatest common divisor of 624855 and 114884.
77
What is the greatest common factor of 3021 and 640929?
159
Calculate the highest common divisor of 74 and 1083386.
2
Calculate the greatest common divisor of 103 and 93771921.
103
What is the greatest common divisor of 195264 and 128368?
1808
Calculate the greatest common factor of 157020 and 970.
10
What is the greatest common divisor of 65202930 and 1265?
115
What is the greatest common factor of 91184098 and 253?
23
Calculate the greatest common divisor of 2787884 and 374.
22
Calculate the highest common factor of 23107 and 31696202.
3301
What is the greatest common factor of 1203134 and 261122?
274
Calculate the greatest common divisor of 83430 and 3330.
90
Calculate the highest common divisor of 15648 and 175889388.
1956
Calculate the greatest common divisor of 2419077 and 74969.
61
Calculate the highest common divisor of 64980 and 2364.
12
Calculate the greatest common divisor of 293 and 6996580109.
293
What is the greatest common factor of 12427 and 5762?
43
Calculate the greatest common factor of 1641 and 2364134.
547
Calculate the greatest common divisor of 265077299 and 1119.
373
Calculate the greatest common divisor of 1380 and 